e hundreds digit of 715?
7
What is the tens digit of 579?
7
What is the thousands digit of 1074?
1
What is the tens digit of 1562?
6
What is the hundreds digit of 2202?
2
What is the units digit of 315?
5
What is the thousands digit of 116410?
6
What is the units digit of 246?
6
What is the units digit of 27335?
5
What is the hundreds digit of 78432?
4
What is the hundreds digit of 1014?
0
What is the tens digit of 18732?
3
What is the thousands digit of 2880?
2
What is the thousands digit of 21812?
1
What is the ten thousands digit of 114485?
1
What is the tens digit of 9798?
9
What is the tens digit of 93807?
0
What is the thousands digit of 6161?
6
What is the units digit of 17725?
5
What is the ten thousands digit of 41203?
4
What is the thousands digit of 1367?
1
What is the units digit of 61236?
6
What is the units digit of 53591?
1
What is the units digit of 32532?
2
What is the tens digit of 6476?
7
What is the tens digit of 1410?
1
What is the hundreds digit of 315?
3
What is the units digit of 5492?
2
What is the thousands digit of 17386?
7
What is the tens digit of 17604?
0
What is the tens digit of 51377?
7
What is the thousands digit of 46486?
6
What is the hundreds digit of 104498?
4
What is the tens digit of 15537?
3
What is the ten thousands digit of 114773?
1
What is the hundreds digit of 105759?
7
What is the hundreds digit of 45102?
1
What is the hundreds digit of 18058?
0
What is the thousands digit of 3877?
3
What is the units digit of 10430?
0
What is the tens digit of 3366?
6
What is the tens digit of 10804?
0
What is the hundreds digit of 3052?
0
What is the tens digit of 4418?
1
What is the units digit of 6180?
0
What is the thousands digit of 2079?
2
What is the units digit of 6824?
4
What is the ten thousands digit of 73610?
7
What is the tens digit of 30723?
2
What is the tens digit of 551?
5
What is the thousands digit of 8421?
8
What is the thousands digit of 29150?
9
What is the ten thousands digit of 27109?
2
What is the thousands digit of 2784?
2
What is the tens digit of 30359?
5
What is the tens digit of 13990?
9
What is the hundreds digit of 3071?
0
What is the tens digit of 1808?
0
What is the hundreds digit of 3394?
3
What is the units digit of 3137?
7
What is the thousands digit of 1259?
1
What is the tens digit of 88020?
2
What is the units digit of 213?
3
What is the hundreds digit of 3360?
3
What is the thousands digit of 103303?
3
What is the hundreds digit of 9358?
3
What is the ten thousands digit of 13391?
1
What is the tens digit of 133345?
4
What is the hundreds digit of 1357?
3
What is the tens digit of 4634?
3
What is the hundreds digit of 37082?
0
What is the thousands digit of 8905?
8
What is the hundreds digit of 237?
2
What is the tens digit of 3030?
3
What is the units digit of 9715?
5
What is the ten thousands digit of 62230?
6
What is the hundreds digit of 1923?
9
What is the tens digit of 265?
6
What is the thousands digit of 1608?
1
What is the tens digit of 914?
1
What is the tens digit of 1097?
9
What is the hundreds digit of 1434?
4
What is the thousands digit of 38926?
8
What is the tens digit of 6775?
7
What is the units digit of 4959?
9
What is the hundreds digit of 13628?
6
What is the thousands digit of 26756?
6
What is the ten thousands digit of 19497?
1
What is the thousands digit of 3357?
3
What is the hundreds digit of 30735?
7
What is the units digit of 25547?
7
What is the thousands digit of 3862?
3
What is the hundreds digit of 122813?
8
What is the thousands digit of 5433?
5
What is the tens digit of 45948?
4
What is the units digit of 681?
1
What is the units digit of 6727?
7
What is the thousands digit of 10523?
0
What is the thousands digit of 1625?
1
What is the tens digit of 791?
9
What is the hundreds digit of 861?
8
What is the hundreds digit of 1589?
5
What is the tens digit of 1298?
9
What is the units digit of 1263?
3
What is the tens digit of 175543?
4
What is the thousands digit of 30383?
0
What is the hundreds digit of 1171?
1
What is the units digit of 874?
4
What is the ten thousands digit of 39475?
3
What is the hundreds digit of 4224?
2
What is the units digit of 57025?
5
What is the thousands digit of 1925?
1
What is the hundreds digit of 921?
9
What is the units digit of 39422?
2
What is the tens digit of 51724?
2
What is the units digit of 1519?
9
What is the tens digit of 109326?
2
What is the ten thousands digit of 26700?
2
What is the units digit of 24619?
9
What is the tens digit of 647?
4
What is the tens digit of 489?
8
What is the tens digit of 21728?
2
What is the hundreds digit of 53255?
2
What is the units digit of 1224?
4
What is the units digit of 12143?
3
What is the hundreds digit of 57500?
5
What is the tens digit of 124?
2
What is the tens digit of 66499?
9
What is the hundreds digit of 5548?
5
What is the ten thousands digit of 22468?
2
What is the units digit of 3899?
9
What is the hundreds digit of 16156?
1
What is the thousands digit of 2962?
2
What is the thousands digit of 9873?
9
What is the units digit of 9854?
4
What is the hundreds digit of 671?
6
What is the units digit of 41833?
3
What is the units digit of 2408?
8
What is the ten thousands digit of 15129?
1
What is the tens digit of 28016?
1
What is the hundreds digit of 41129?
1
What is the thousands digit of 8758?
8
What is the units digit of 655?
5
What is the units digit of 13312?
2
What is the hundreds digit of 876?
8
What is the tens digit of 17339?
3
What is the tens digit of 4308?
0
What is the hundreds digit of 4306?
3
What is the tens digit of 1851?
5
What is the thousands digit of 37550?
7
What is the tens digit of 9245?
4
What is the hundreds digit of 1070?
0
What is the thousands digit of 8370?
8
What is the hundreds digit of 606?
6
What is the thousands digit of 157304?
7
What is the hundreds digit of 15842?
8
What is the tens digit of 544?
4
What is the tens digit of 823?
2
What is the thousands digit of 1641?
1
What is the hundreds digit of 2034?
0
What is the units digit of 27287?
7
What is the hundreds digit of 2774?
7
What is the hundreds digit of 2652?
6
What is the tens digit of 2149?
4
What is the hundreds digit of 440?
4
What is the hundreds digit of 514?
5
What is the tens digit of 8754?
5
What is the tens digit of 50239?
3
What is the hundreds digit of 32098?
0
What is the tens digit of 9339?
3
What is the thousands digit of 3277?
3
What is the thousands digit of 13816?
3
What is the tens digit of 35?
3
What is the thousands digit of 2203?
2
What is the units digit of 52755?
5
What is the thousands digit of 1600?
1
What is the units digit of 676?
6
What is the tens digit of 7271?
7
What is the units digit of 20753?
3
What is the tens digit of 1534?
3
What is the hundreds digit of 3276?
2
What is the tens digit of 2489?
8
What is the hundreds digit of 14383?
3
What is the units digit of 5166?
6
What is the hundreds digit of 8006?
0
What is the units digit of 23993?
3
What is the tens digit of 15708?
0
What is the units digit of 646?
6
What is the tens digit of 55?
5
What is the tens digit of 14435?
3
What is the hundreds digit of 725?
7
What is the tens digit of 36558?
5
What is the tens digit of 18068?
6
What is the units digit of 32139?
9
What is the tens digit of 1623?
2
What is the thousands digit of 20375?
0
What is the tens digit of 790?
9
What is the units digit of 34467?
7
What is the hundreds digit of 11191?
1
What is the thousands digit of 64972?
4
What is the units digit of 1440?
0
What is the hundreds digit of 4575?
5
What is the units digit of 37?
7
What is the thousands digit of 20023?
0
What is the thousands digit of 11250?
1
What is the hundreds digit of 13578?
5
What is the thousands digit of 20723?
0
What is the hundreds digit of 892?
8
What is the units digit of 1060?
0
What is the thousands digit of 9737?
9
What is the tens digit of 2048?
4
What is the units digit of 17901?
1
What is the tens digit of 1759?
5
What is the tens digit of 17352?
5
What is the units digit of 5207?
7
What is the hundreds digit of 653?
6
What is the tens digit of 124?
2
What is the units digit of 8261?
1
What is the units digit of 1218?
8
What is the thousands digit of 2690?
2
What is the ten thousands digit of 95654?
9
What is the thousands digit